mber?
False
Let p(t) = 2*t**2 + 10*t + 11. Let h be p(-10). Suppose 0 = -9*q + 8*q + h. Is q composite?
True
Let j be -10*(-93)/(-30)*-8. Let q = 546 - j. Is q a prime number?
False
Suppose k = -3*k + 3*z + 44027, 5*z + 66043 = 6*k. Is k a composite number?
False
Let q(y) = y**3 - 2*y**2 + y. Let a be q(1). Suppose 4*g - 29 = 3*l + 2*l, 4*g + 3*l - 53 = a. Let z = 80 - g. Is z prime?
False
Let d be 2498/(-6) + (-7)/(-21). Let i = d - -1701. Is i prime?
False
Suppose -4*v + 16336 = 4*r, 5*v + r = 9*v - 16311. Is v composite?
False
Let m be 1/(2 + 2) - (-25)/(-20). Is 4 + 0 + (-5869)/m a prime number?
False
Suppose 3*i - 2343 = 2*b, 4*b - 6*i = -3*i - 4689. Let k = b - -1840. Is k prime?
False
Suppose -5 = -12*n + 31. Suppose n*t + 396 = 2*c, -2*c - 2*t = 2*t - 410. Is c a composite number?
True
Suppose d = -4*o + 93117, 0 = -3*o - 0*d - 3*d + 69840. Is o composite?
False
Let z(r) = -r**2 - 5*r - 1871. Let s be z(0). Let o = 3848 + s. Is o prime?
False
Let v = -23 - -23. Let h(r) = -r + 287. Is h(v) prime?
False
Let x be 4*(2 - (-4 + 5)). Suppose v + x*f - 39 = 0, 3*v - 5*f = -v + 51. Is v prime?
True
Let m(h) = -20*h - 94*h**3 + 93*h**3 - 26*h + h + 23 + 25*h**2. Is m(18) a prime number?
True
Let d be 1 + 688 - (-6 + 8). Let n = d - 436. Is n a composite number?
False
Suppose -5*t + 2*t - 1137 = 3*y, -2*t + 2*y = 774. Let o = t + 697. Let n = -183 + o. Is n prime?
True
Suppose 0 = 5*d - 2*d - 2781. Suppose 3*t = -0*k + 3*k + 2745, -2*k = t - d. Is t prime?
True
Is 9/(-108)*8 + (-38386)/(-6) composite?
False
Is 14/21 - (-365589)/27 a composite number?
True
Let q(z) = z**2 + 14*z + 2. Let d be q(-14). Suppose -3*g + d*g = -503. Is g a composite number?
False
Let z(b) be the second derivative of 7*b**4/6 - 4*b**3/3 + 7*b**2/2 - 27*b. Let y be 1/((-78)/(-27) - 3). Is z(y) a composite number?
False
Let t(x) = 9*x**2 - 5. Let k be t(4). Suppose 2*p = -29 + k. Is p a prime number?
False
Let f(u) = u**2 - 4*u - 3. Let n be f(5). Suppose n*r = -y - y + 12, -4*y - r = -15. Suppose -d - y*d = -316. Is d a composite number?
False
Suppose -32*n = -36*n + 716. Is n a composite number?
False
Suppose 5972285 = -0*a + 55*a. Is a a prime number?
True
Is (-223488)/(-132) + (-2)/22 a composite number?
False
Let i(n) = n**2 + n - 1. Let c(l) = -1696*l**2 - 7*l - 1. Let g(r) = -c(r) - 3*i(r). Is g(-1) prime?
True
Suppose 2*f = 4*f + 6, -b + 2*f + 9 = 0. Suppose -4*i + b*q = -2020, -q = -0*i + i - 498. Is i composite?
True
Suppose -q = 3*q + 8. Let v = 6 + q. Suppose -3*y + 5*z - 13 = 0, 2*z = v*y - z - 1. Is y a prime number?
False
Suppose v + 20 = -4*s + 3, -4*v + 2 = 2*s. Is (-203 + 0)/(s - -4) a composite number?
True
Let f = 185 - 291. Let k = 54 + -17. Let w = k - f. Is w a prime number?
False
Suppose k = -2*h - 368, 2 = -k + 2*k. Is (4 - 2)*h/(-2) a prime number?
False
Let v = 3555 + -2096. Suppose 3*a + 0*i = 2*i + 4401, 2*i - v = -a. Is a composite?
True
Let v be (-818 - 0)/((-3 - -5)/(-2)). Suppose 2*n = -0*n + v. Is n composite?
False
Let h be 10 - 10 - 2/(-1). Suppose 27 + 81 = h*g. Suppose w - 55 = 2*c, c + g = 3*w - 111. Is w prime?
False
Suppose 21*l - 25*l = v - 14570, -2*v = 3*l - 10925. Is l a composite number?
False
Let n = 1040 - 327. Is n prime?
False
Is 2605 - (14/(-77) - (-168)/(-44)) prime?
True
Let a(q) = 49*q**2 + 7*q - 2. Let g(l) = 1. Let m(p) = a(p) + 3*g(p). Is m(5) composite?
True
Suppose 25 = -5*q, 3*h - 4*q = 8*h - 1515. Is h a composite number?
False
Let o(h) = -37*h + 31. Let m(g) = -38*g + 32. Let z(i) = -2*m(i) + 3*o(i). Is z(-10) prime?
True
Let c be 1*(-2)/(-8)*12. Let q be (-84)/(-10) - 2/5. Suppose -c*a - 1655 = -q*a. Is a prime?
True
Let i = 325 - -1112. Is i a composite number?
True
Let a(v) = v**3 - 7*v**2 + 5*v + 4. Let d(g) = g**3 + 7*g**2 + 12*g. Let p be d(-5). Let c(j) = -j**3 - 11*j**2 - 10*j + 7. Let z be c(p). Is a(z) prime?
False
Let u(v) = -1943*v + 17. Is u(-4) a prime number?
True
Let t = 8996 - 5791. Is t composite?
True
Let x = -3444 - -9673. Is x a prime number?
True
Let j(p) = -8*p**3 + 5*p**2 - 32*p - 26. Is j(-11) composite?
False
Let o(r) = 4*r - 2. Let u be (-1)/(-1) + -2 + 8. Suppose 5*m = -2*y - 7, 5*y + 3*m = y + u. Is o(y) a prime number?
False
Let r = -10 - -16. Suppose 2*c = 4*c - r. Is ((-1192)/12 - c)*-3 composite?
False
Let c = -332 - -694. Is c a composite number?
True
Let b = -73 + 74. Suppose 3*t + 5 = 5*h, 0 = -5*h + t + t. Is (-4 - 323)*(h + b) composite?
True
Let a(s) = -s**3 + 6*s**2 + 17*s - 12. Is a(-10) prime?
False
Is 6899/3*(-16)/(160/(-30)) prime?
True
Suppose 2*l - f - 5 = 0, 3*l - 3*f - f = 20. Suppose i - 9 = 3*a - 0*i, -2*i = -5*a - 14. Is 106 - (-3 - l/a) composite?
False
Suppose 7266 = 3*g + 3*z, 5*z - 2*z + 3 = 0. Is g a composite number?
False
Suppose 8*r = -3*d + 4*r + 144, 0 = -5*r. Suppose 10*q - d = 7*q. Suppose -30 + q = -z. Is z prime?
False
Let y be 36096/112 - (-2)/(-7). Let k be (-2 - 0) + y - -1. Suppose k = 5*t - 314. Is t composite?
False
Let f = -80 - -83. Suppose 5*u - 4891 = f*k - 7*k, -3*k = -4*u - 3707. Is k a composite number?
False
Suppose -2*b - 20 - 10606 = 0. Is ((-3)/(-1))/6 + b/(-2) a composite number?
False
Is 1*(-3 - -1) + 40 + 14333 prime?
False
Let p = 34 + 50. Is 225396/p - (9/7 - 1) prime?
True
Let a = 7748 + 1088. Is (a/16)/(4*4/64) composite?
True
Let l be 13/26 - (-10)/4. Suppose 43 + 23 = l*g. Is g a prime number?
False
Let u(d) = 6*d**3 + 13*d**2 + 1. Let v(o) = -6*o**3 - 14*o**2 - 1. Let c(t) = 4*u(t) + 3*v(t). Is c(6) a composite number?
False
Suppose 2*m = 3*y - 12 - 6, m + 2*y + 9 = 0. Let p(n) = 15*n**2 - 11*n + 5. Let k(x) = -7*x**2 + 5*x - 3. Let o(h) = m*k(h) - 4*p(h). Is o(-5) a prime number?
False
Suppose 0 = 3*a, 4821 = 3*z - 5*a - 6540. Is z prime?
False
Let f be (-4)/8*(-3 + 3). Let k be ((f - -4) + -3)/1. Is -4 + 5 + 918/k a prime number?
True
Let q(u) = u**3 + 20*u**2 + 20*u + 14. Let r = 96 + -113. Is q(r) prime?
True
Let k be (-3)/(-3)*(20 + -1). Let g = k + 6. Is 3/(-5) - (-6490)/g composite?
True
Let d = 179298 + -101881. Is d a prime number?
True
Let w(i) be the second derivative of -i**6/15 + i**5/20 - i**4/24 + i**3/2 + i**2 - 11*i. Let l(z) be the first derivative of w(z). Is l(-3) composite?
True
Let g(n) = -9*n**2 - 2*n + 10. Let b(x) = -19*x**2 - 4*x + 20. Let t(r) = -6*b(r) + 11*g(r). Let a be (135/(-36))/(33/44). Is t(a) a composite number?
True
Suppose 5*n + 5 = 0, q = -14*n + 9*n + 19728. Is q a composite number?
True
Let z(p) be the first derivative of -100*p**2 + p + 17. Is z(-1) a composite number?
True
Let o(p) = 101*p**2 + 13*p - 7. Is o(-8) prime?
True
Suppose -i + 133 = 5*s, 0*i + i - 106 = -4*s. Is 2975/3 + (-18)/s a prime number?
True
Let c(q) = -q**3 + 2*q - 1. Let o be c(1). Suppose 2*k + 2*i - 3204 = 0, o = -k - 3*k + i + 6403. Is k composite?
False
Let f = -585 - -92. Let y be (34/(-5))/(((-63)/9)/(-1155)). Let d = f - y. Is d composite?
True
Let f(m) = -3*m - 6. Let j be f(-3). Suppose 3*v + 0*v = 3*z - 303, -376 = -4*z - j*v. Is z prime?
True
Let t be 49/14 + (-6)/4. Suppose 5*h - t*b + 5 = 0, 3*b = -5*h + b + 15. Is h*(-298)/4*-2 a composite number?
False
Suppose 3*w - 6*w = -2*f + 5791, -8692 = -3*f - w. Is f prime?
True
Let k = -6 - -10. Suppose 5*l + 34 = 4*c, -5*c + 32 = -k*l + 3*l. Is (-2)/6*(-285 + c) composite?
True
Suppose 5*x - 17786 = 2*p + 3195, -2*x + 8393 = -p. Is x a composite number?
True
Suppose 8 = 5*b - 4*b - m, 2*b + 9 = -3*m. Suppose 0*s = -b*s + 609. Is s a composite number?
True
Let w(i) = -i**2 + 8*i + 23099. Is w(0) composite?
False
Let v be (-2 + -6522)*(-20)/(-8). Is (3/(-2))/(35/v) prime?
False
Suppose -o - 2*i = -7*i - 8, 0 = -2*o - i + 5. Suppose -2*g = -2*h - h - 117, 0 = -o*g + 4*h + 175. Suppose x - g = -2*x. Is x a prime number?
True
Let j be (-379 - 0)/((-3)/(-6)). Let d = 1269 + j. Let g = 762 - d. Is g a prime number?
True
Suppose 0 = 5*y - 0*y - 4735. Is y composite?
False
Is ((-9)/2)/(72/(-528)) a prime number?
False
Let g be ((-96)/(-15))/((-12)/(-420)). Let q(c) = 24*c + 1. Let y be q(5). Suppose 5*o - y = g. Is o a composite number?
True
Suppose -3*y - 8 = 2*g - 7*y, 4*y = -2*g. Let q(k) = -63*k - 2. Let t be q(g). Suppose 0 = -u + 5*u - t. Is u composite?
False
Suppose 0 = -h + 4*f + f + 12, -5*h - 5*f = 0. Is ((-381)/h)/(1/(-2)) a prime number?
Fal